{"id":331,"date":"2025-04-08T15:19:00","date_gmt":"2025-04-08T15:19:00","guid":{"rendered":"https:\/\/formacion.adriarivero.com\/?page_id=331"},"modified":"2025-04-09T15:39:08","modified_gmt":"2025-04-09T15:39:08","slug":"finalizar-compra","status":"publish","type":"page","link":"https:\/\/formacion.adriarivero.com\/?page_id=331","title":{"rendered":"Finalizar compra"},"content":{"rendered":"\t\t<div data-elementor-type=\"wp-page\" data-elementor-id=\"331\" class=\"elementor elementor-331\" data-elementor-post-type=\"page\">\n\t\t\t\t<div class=\"elementor-element elementor-element-3e9c6a4 e-flex e-con-boxed e-con e-parent\" data-id=\"3e9c6a4\" data-element_type=\"container\">\n\t\t\t\t\t<div class=\"e-con-inner\">\n\t\t<div class=\"elementor-element elementor-element-3f738e5 e-con-full e-flex e-con e-child\" data-id=\"3f738e5\" data-element_type=\"container\">\n\t\t\t\t<div class=\"elementor-element elementor-element-c1edab8 elementor-widget elementor-widget-heading\" data-id=\"c1edab8\" data-element_type=\"widget\" data-widget_type=\"heading.default\">\n\t\t\t\t<div class=\"elementor-widget-container\">\n\t\t\t\t\t<h1 class=\"elementor-heading-title elementor-size-default\">Finalizar compra<\/h1>\t\t\t\t<\/div>\n\t\t\t\t<\/div>\n\t\t\t\t<\/div>\n\t\t<div class=\"elementor-element elementor-element-55d7d6d e-flex e-con-boxed e-con e-child\" data-id=\"55d7d6d\" data-element_type=\"container\">\n\t\t\t\t\t<div class=\"e-con-inner\">\n\t\t\t\t<div class=\"elementor-element elementor-element-b694bc0 e-checkout-layout-two-column elementor-widget elementor-widget-woocommerce-checkout-page\" data-id=\"b694bc0\" data-element_type=\"widget\" data-widget_type=\"woocommerce-checkout-page.default\">\n\t\t\t\t<div class=\"elementor-widget-container\">\n\t\t\t\t\t<div class=\"woocommerce\"><div class=\"woocommerce-notices-wrapper\"><\/div><\/div>\t\t\t\t<\/div>\n\t\t\t\t<\/div>\n\t\t\t\t\t<\/div>\n\t\t\t\t<\/div>\n\t\t\t\t\t<\/div>\n\t\t\t\t<\/div>\n\t\t\t\t<\/div>\n\t\t","protected":false},"excerpt":{"rendered":"<p>Detalles de facturaci\u00f3n Nombre&nbsp;* Apellidos&nbsp;* Pa\u00eds \/ Regi\u00f3n&nbsp;*Selecciona un pa\u00eds\/regi\u00f3n&hellip;Afganist\u00e1nAlbaniaAlemaniaAndorraAngolaAnguilaAnt\u00e1rtidaAntigua y BarbudaArabia SauditaArgeliaArgentinaArmeniaArubaAustraliaAustriaAzerbaijanBahamasBahrainBangladeshBarbadosBelauB\u00e9lgicaBelizeBeninBermudaBhutanBielorrusiaBirmaniaBoliviaBonaire, San Eustaquio y SabaBosnia y HerzegovinaBotswanaBrasilBrun\u00e9iBulgariaBurkina FasoBurundiCabo VerdeCamboyaCamer\u00fanCanad\u00e1ChadChileChinaChipreCiudad del VaticanoColombiaComorasCongo (Brazzaville)Congo (Kinshasa)Corea del NorteCorea del SurCosta de MarfilCosta RicaCroaciaCubaCura&ccedil;aoDinamarcaDjiboutiDominicaEcuadorEgiptoEl SalvadorEmiratos \u00c1rabes UnidosEritreaEslovaquiaEsloveniaEspa\u00f1aEstados Unidos (EEUU)EstoniaEsuatiniEtiop\u00edaFilipinasFinlandiaFiyiFranciaGab\u00f3nGambiaGeorgiaGhanaGibraltarGranadaGreciaGroenlandiaGuadalupeGuamGuatemalaGuayana FrancesaGuernseyGuineaGuinea EcuatorialGuinea-Bis\u00e1uGuyanaHait\u00edHondurasHong KongHungr\u00edaIndiaIndonesiaIrakIr\u00e1nIrlandaIsla BouvetIsla de ManIsla de NavidadIsla NorfolkIsla Santa ElenaIslandiaIslas \u00c5landIslas Caim\u00e1nIslas CocosIslas CookIslas de ultramar menores [&hellip;]<\/p>\n","protected":false},"author":1,"featured_media":0,"parent":0,"menu_order":0,"comment_status":"closed","ping_status":"closed","template":"elementor_header_footer","meta":{"footnotes":""},"class_list":["post-331","page","type-page","status-publish","hentry"],"yoast_head":"<!-- This site is optimized with the Yoast SEO plugin v24.9 - https:\/\/yoast.com\/wordpress\/plugins\/seo\/ -->\n<title>Finalizar compra - Formaci\u00f3n Adria Rivero<\/title>\n<meta name=\"robots\" content=\"index, follow, max-snippet:-1, max-image-preview:large, max-video-preview:-1\" \/>\n<link rel=\"canonical\" href=\"https:\/\/formacion.adriarivero.com\/?page_id=331\" \/>\n<meta property=\"og:locale\" content=\"es_ES\" \/>\n<meta property=\"og:type\" content=\"article\" \/>\n<meta property=\"og:title\" content=\"Finalizar compra - Formaci\u00f3n Adria Rivero\" \/>\n<meta property=\"og:description\" content=\"Detalles de facturaci\u00f3n Nombre&nbsp;* Apellidos&nbsp;* Pa\u00eds \/ Regi\u00f3n&nbsp;*Selecciona un pa\u00eds\/regi\u00f3n&hellip;Afganist\u00e1nAlbaniaAlemaniaAndorraAngolaAnguilaAnt\u00e1rtidaAntigua y BarbudaArabia SauditaArgeliaArgentinaArmeniaArubaAustraliaAustriaAzerbaijanBahamasBahrainBangladeshBarbadosBelauB\u00e9lgicaBelizeBeninBermudaBhutanBielorrusiaBirmaniaBoliviaBonaire, San Eustaquio y SabaBosnia y HerzegovinaBotswanaBrasilBrun\u00e9iBulgariaBurkina FasoBurundiCabo VerdeCamboyaCamer\u00fanCanad\u00e1ChadChileChinaChipreCiudad del VaticanoColombiaComorasCongo (Brazzaville)Congo (Kinshasa)Corea del NorteCorea del SurCosta de MarfilCosta RicaCroaciaCubaCura&ccedil;aoDinamarcaDjiboutiDominicaEcuadorEgiptoEl SalvadorEmiratos \u00c1rabes UnidosEritreaEslovaquiaEsloveniaEspa\u00f1aEstados Unidos (EEUU)EstoniaEsuatiniEtiop\u00edaFilipinasFinlandiaFiyiFranciaGab\u00f3nGambiaGeorgiaGhanaGibraltarGranadaGreciaGroenlandiaGuadalupeGuamGuatemalaGuayana FrancesaGuernseyGuineaGuinea EcuatorialGuinea-Bis\u00e1uGuyanaHait\u00edHondurasHong KongHungr\u00edaIndiaIndonesiaIrakIr\u00e1nIrlandaIsla BouvetIsla de ManIsla de NavidadIsla NorfolkIsla Santa ElenaIslandiaIslas \u00c5landIslas Caim\u00e1nIslas CocosIslas CookIslas de ultramar menores [&hellip;]\" \/>\n<meta property=\"og:url\" content=\"https:\/\/formacion.adriarivero.com\/?page_id=331\" \/>\n<meta property=\"og:site_name\" content=\"Formaci\u00f3n Adria Rivero\" \/>\n<meta property=\"article:modified_time\" content=\"2025-04-09T15:39:08+00:00\" \/>\n<meta name=\"twitter:card\" content=\"summary_large_image\" \/>\n<meta name=\"twitter:site\" content=\"@adriarivero_\" \/>\n<meta name=\"twitter:label1\" content=\"Tiempo de lectura\" \/>\n\t<meta name=\"twitter:data1\" content=\"2 minutos\" \/>\n<script type=\"application\/ld+json\" class=\"yoast-schema-graph\">{\"@context\":\"https:\/\/schema.org\",\"@graph\":[{\"@type\":\"WebPage\",\"@id\":\"https:\/\/formacion.adriarivero.com\/?page_id=331\",\"url\":\"https:\/\/formacion.adriarivero.com\/?page_id=331\",\"name\":\"Finalizar compra - Formaci\u00f3n Adria Rivero\",\"isPartOf\":{\"@id\":\"https:\/\/formacion.adriarivero.com\/#website\"},\"datePublished\":\"2025-04-08T15:19:00+00:00\",\"dateModified\":\"2025-04-09T15:39:08+00:00\",\"breadcrumb\":{\"@id\":\"https:\/\/formacion.adriarivero.com\/?page_id=331#breadcrumb\"},\"inLanguage\":\"es\",\"potentialAction\":[{\"@type\":\"ReadAction\",\"target\":[\"https:\/\/formacion.adriarivero.com\/?page_id=331\"]}]},{\"@type\":\"BreadcrumbList\",\"@id\":\"https:\/\/formacion.adriarivero.com\/?page_id=331#breadcrumb\",\"itemListElement\":[{\"@type\":\"ListItem\",\"position\":1,\"name\":\"Portada\",\"item\":\"https:\/\/formacion.adriarivero.com\/\"},{\"@type\":\"ListItem\",\"position\":2,\"name\":\"Finalizar compra\"}]},{\"@type\":\"WebSite\",\"@id\":\"https:\/\/formacion.adriarivero.com\/#website\",\"url\":\"https:\/\/formacion.adriarivero.com\/\",\"name\":\"Formaci\u00f3n Adria Rivero\",\"description\":\"\",\"publisher\":{\"@id\":\"https:\/\/formacion.adriarivero.com\/#organization\"},\"potentialAction\":[{\"@type\":\"SearchAction\",\"target\":{\"@type\":\"EntryPoint\",\"urlTemplate\":\"https:\/\/formacion.adriarivero.com\/?s={search_term_string}\"},\"query-input\":{\"@type\":\"PropertyValueSpecification\",\"valueRequired\":true,\"valueName\":\"search_term_string\"}}],\"inLanguage\":\"es\"},{\"@type\":\"Organization\",\"@id\":\"https:\/\/formacion.adriarivero.com\/#organization\",\"name\":\"Formaci\u00f3n Adria Rivero\",\"url\":\"https:\/\/formacion.adriarivero.com\/\",\"logo\":{\"@type\":\"ImageObject\",\"inLanguage\":\"es\",\"@id\":\"https:\/\/formacion.adriarivero.com\/#\/schema\/logo\/image\/\",\"url\":\"https:\/\/formacion.adriarivero.com\/wp-content\/uploads\/2025\/02\/logo-adriarivero.svg\",\"contentUrl\":\"https:\/\/formacion.adriarivero.com\/wp-content\/uploads\/2025\/02\/logo-adriarivero.svg\",\"width\":318,\"height\":43,\"caption\":\"Formaci\u00f3n Adria Rivero\"},\"image\":{\"@id\":\"https:\/\/formacion.adriarivero.com\/#\/schema\/logo\/image\/\"},\"sameAs\":[\"https:\/\/x.com\/adriarivero_\",\"https:\/\/www.youtube.com\/c\/adriariveroinversionenbolsa\"]}]}<\/script>\n<!-- \/ Yoast SEO plugin. -->","yoast_head_json":{"title":"Finalizar compra - Formaci\u00f3n Adria Rivero","robots":{"index":"index","follow":"follow","max-snippet":"max-snippet:-1","max-image-preview":"max-image-preview:large","max-video-preview":"max-video-preview:-1"},"canonical":"https:\/\/formacion.adriarivero.com\/?page_id=331","og_locale":"es_ES","og_type":"article","og_title":"Finalizar compra - Formaci\u00f3n Adria Rivero","og_description":"Detalles de facturaci\u00f3n Nombre&nbsp;* Apellidos&nbsp;* Pa\u00eds \/ Regi\u00f3n&nbsp;*Selecciona un pa\u00eds\/regi\u00f3n&hellip;Afganist\u00e1nAlbaniaAlemaniaAndorraAngolaAnguilaAnt\u00e1rtidaAntigua y BarbudaArabia SauditaArgeliaArgentinaArmeniaArubaAustraliaAustriaAzerbaijanBahamasBahrainBangladeshBarbadosBelauB\u00e9lgicaBelizeBeninBermudaBhutanBielorrusiaBirmaniaBoliviaBonaire, San Eustaquio y SabaBosnia y HerzegovinaBotswanaBrasilBrun\u00e9iBulgariaBurkina FasoBurundiCabo VerdeCamboyaCamer\u00fanCanad\u00e1ChadChileChinaChipreCiudad del VaticanoColombiaComorasCongo (Brazzaville)Congo (Kinshasa)Corea del NorteCorea del SurCosta de MarfilCosta RicaCroaciaCubaCura&ccedil;aoDinamarcaDjiboutiDominicaEcuadorEgiptoEl SalvadorEmiratos \u00c1rabes UnidosEritreaEslovaquiaEsloveniaEspa\u00f1aEstados Unidos (EEUU)EstoniaEsuatiniEtiop\u00edaFilipinasFinlandiaFiyiFranciaGab\u00f3nGambiaGeorgiaGhanaGibraltarGranadaGreciaGroenlandiaGuadalupeGuamGuatemalaGuayana FrancesaGuernseyGuineaGuinea EcuatorialGuinea-Bis\u00e1uGuyanaHait\u00edHondurasHong KongHungr\u00edaIndiaIndonesiaIrakIr\u00e1nIrlandaIsla BouvetIsla de ManIsla de NavidadIsla NorfolkIsla Santa ElenaIslandiaIslas \u00c5landIslas Caim\u00e1nIslas CocosIslas CookIslas de ultramar menores [&hellip;]","og_url":"https:\/\/formacion.adriarivero.com\/?page_id=331","og_site_name":"Formaci\u00f3n Adria Rivero","article_modified_time":"2025-04-09T15:39:08+00:00","twitter_card":"summary_large_image","twitter_site":"@adriarivero_","twitter_misc":{"Tiempo de lectura":"2 minutos"},"schema":{"@context":"https:\/\/schema.org","@graph":[{"@type":"WebPage","@id":"https:\/\/formacion.adriarivero.com\/?page_id=331","url":"https:\/\/formacion.adriarivero.com\/?page_id=331","name":"Finalizar compra - Formaci\u00f3n Adria Rivero","isPartOf":{"@id":"https:\/\/formacion.adriarivero.com\/#website"},"datePublished":"2025-04-08T15:19:00+00:00","dateModified":"2025-04-09T15:39:08+00:00","breadcrumb":{"@id":"https:\/\/formacion.adriarivero.com\/?page_id=331#breadcrumb"},"inLanguage":"es","potentialAction":[{"@type":"ReadAction","target":["https:\/\/formacion.adriarivero.com\/?page_id=331"]}]},{"@type":"BreadcrumbList","@id":"https:\/\/formacion.adriarivero.com\/?page_id=331#breadcrumb","itemListElement":[{"@type":"ListItem","position":1,"name":"Portada","item":"https:\/\/formacion.adriarivero.com\/"},{"@type":"ListItem","position":2,"name":"Finalizar compra"}]},{"@type":"WebSite","@id":"https:\/\/formacion.adriarivero.com\/#website","url":"https:\/\/formacion.adriarivero.com\/","name":"Formaci\u00f3n Adria Rivero","description":"","publisher":{"@id":"https:\/\/formacion.adriarivero.com\/#organization"},"potentialAction":[{"@type":"SearchAction","target":{"@type":"EntryPoint","urlTemplate":"https:\/\/formacion.adriarivero.com\/?s={search_term_string}"},"query-input":{"@type":"PropertyValueSpecification","valueRequired":true,"valueName":"search_term_string"}}],"inLanguage":"es"},{"@type":"Organization","@id":"https:\/\/formacion.adriarivero.com\/#organization","name":"Formaci\u00f3n Adria Rivero","url":"https:\/\/formacion.adriarivero.com\/","logo":{"@type":"ImageObject","inLanguage":"es","@id":"https:\/\/formacion.adriarivero.com\/#\/schema\/logo\/image\/","url":"https:\/\/formacion.adriarivero.com\/wp-content\/uploads\/2025\/02\/logo-adriarivero.svg","contentUrl":"https:\/\/formacion.adriarivero.com\/wp-content\/uploads\/2025\/02\/logo-adriarivero.svg","width":318,"height":43,"caption":"Formaci\u00f3n Adria Rivero"},"image":{"@id":"https:\/\/formacion.adriarivero.com\/#\/schema\/logo\/image\/"},"sameAs":["https:\/\/x.com\/adriarivero_","https:\/\/www.youtube.com\/c\/adriariveroinversionenbolsa"]}]}},"_links":{"self":[{"href":"https:\/\/formacion.adriarivero.com\/index.php?rest_route=\/wp\/v2\/pages\/331","targetHints":{"allow":["GET"]}}],"collection":[{"href":"https:\/\/formacion.adriarivero.com\/index.php?rest_route=\/wp\/v2\/pages"}],"about":[{"href":"https:\/\/formacion.adriarivero.com\/index.php?rest_route=\/wp\/v2\/types\/page"}],"author":[{"embeddable":true,"href":"https:\/\/formacion.adriarivero.com\/index.php?rest_route=\/wp\/v2\/users\/1"}],"replies":[{"embeddable":true,"href":"https:\/\/formacion.adriarivero.com\/index.php?rest_route=%2Fwp%2Fv2%2Fcomments&post=331"}],"version-history":[{"count":4,"href":"https:\/\/formacion.adriarivero.com\/index.php?rest_route=\/wp\/v2\/pages\/331\/revisions"}],"predecessor-version":[{"id":427,"href":"https:\/\/formacion.adriarivero.com\/index.php?rest_route=\/wp\/v2\/pages\/331\/revisions\/427"}],"wp:attachment":[{"href":"https:\/\/formacion.adriarivero.com\/index.php?rest_route=%2Fwp%2Fv2%2Fmedia&parent=331"}],"curies":[{"name":"wp","href":"https:\/\/api.w.org\/{rel}","templated":true}]}}