{"id":382,"date":"2025-04-08T15:22:49","date_gmt":"2025-04-08T15:22:49","guid":{"rendered":"https:\/\/formacion.adriarivero.com\/?post_type=product&#038;p=382"},"modified":"2025-05-02T11:08:02","modified_gmt":"2025-05-02T11:08:02","slug":"curso-avanzado-de-bolsa-360o","status":"publish","type":"product","link":"https:\/\/formacion.adriarivero.com\/?product=curso-avanzado-de-bolsa-360o","title":{"rendered":"Duplica tu patrimonio en 7 a\u00f1os con las inversiones Value"},"content":{"rendered":"<p>Con nuestra metodolog\u00eda propia conseguir\u00e1s batir al mercado consiguiendo\u00a0<strong>m\u00e1s de un 15%<\/strong>\u00a0de rentabilidad neta anual.<\/p>\n<p>Una formaci\u00f3n completamente dise\u00f1ada para que\u00a0<strong>en 6 meses<\/strong>\u00a0lo consigas.<\/p>\n","protected":false},"excerpt":{"rendered":"<div class=\"TaskPaneBody\">\n<div class=\"TaskPane-feed\">\n<div class=\"TaskStoryFeed\">\n<div class=\"FeedBlockStory TaskStoryFeed-blockStory\" data-testid=\"FeedBlockStory\">\n<div class=\"FeedBlockStory-content\">\n<div class=\"BlockStoryStructure BlockStory Stack Stack--align-stretch Stack--direction-row Stack--display-block Stack--justify-start HighlightSol HighlightSol--buildingBlock\">\n<div class=\"BlockStoryStructure-block\">\n<div class=\"BlockStoryStructure-body\">\n<div class=\"TruncatedRichText\" role=\"presentation\">\n<div class=\"RichText3 TruncatedRichText-richText\">\n<div class=\"TypographyPresentation TypographyPresentation--medium RichText3-paragraph--withVSpacingNormal RichText3-paragraph HighlightSol HighlightSol--buildingBlock\">Puedes adquirir la formaci\u00f3n a trav\u00e9s de un pago \u00fanico o a trav\u00e9s de pagos fraccionados mensuales. Debajo tienes las 4 opciones disponibles.<\/div>\n<\/div>\n<\/div>\n<\/div>\n<\/div>\n<\/div>\n<div class=\"IconButtonThemeablePresentation--isEnabled IconButtonThemeablePresentation IconButtonThemeablePresentation--medium SubtleIconButton--standardTheme SubtleIconButton BlockStoryDropdown FeedBlockStory-actionsDropdownButton HighlightSol HighlightSol--core HighlightSol--buildingBlock Stack Stack--align-center Stack--direction-row Stack--display-inline Stack--justify-center\" tabindex=\"0\" role=\"button\" aria-expanded=\"false\" aria-haspopup=\"menu\" aria-label=\"Mostrar opciones\"><\/div>\n<\/div>\n<\/div>\n<\/div>\n<\/div>\n<\/div>\n","protected":false},"featured_media":383,"template":"","meta":[],"product_brand":[],"product_cat":[22],"product_tag":[],"class_list":{"0":"post-382","1":"product","2":"type-product","3":"status-publish","4":"has-post-thumbnail","6":"product_cat-sin-categorizar","8":"first","9":"instock","10":"virtual","11":"sold-individually","12":"purchasable","13":"product-type-course"},"yoast_head":"<!-- This site is optimized with the Yoast SEO plugin v24.9 - https:\/\/yoast.com\/wordpress\/plugins\/seo\/ -->\n<title>Duplica tu patrimonio en 7 a\u00f1os con las inversiones Value - Formaci\u00f3n Adria Rivero<\/title>\n<meta name=\"robots\" content=\"index, follow, max-snippet:-1, max-image-preview:large, max-video-preview:-1\" \/>\n<link rel=\"canonical\" href=\"https:\/\/formacion.adriarivero.com\/?product=curso-avanzado-de-bolsa-360o\" \/>\n<meta property=\"og:locale\" content=\"es_ES\" \/>\n<meta property=\"og:type\" content=\"article\" \/>\n<meta property=\"og:title\" content=\"Duplica tu patrimonio en 7 a\u00f1os con las inversiones Value - Formaci\u00f3n Adria Rivero\" \/>\n<meta property=\"og:description\" content=\"Puedes adquirir la formaci\u00f3n a trav\u00e9s de un pago \u00fanico o a trav\u00e9s de pagos fraccionados mensuales. Debajo tienes las 4 opciones disponibles.\" \/>\n<meta property=\"og:url\" content=\"https:\/\/formacion.adriarivero.com\/?product=curso-avanzado-de-bolsa-360o\" \/>\n<meta property=\"og:site_name\" content=\"Formaci\u00f3n Adria Rivero\" \/>\n<meta property=\"article:modified_time\" content=\"2025-05-02T11:08:02+00:00\" \/>\n<meta property=\"og:image\" content=\"https:\/\/formacion.adriarivero.com\/wp-content\/uploads\/2025\/04\/Component-3.webp\" \/>\n\t<meta property=\"og:image:width\" content=\"461\" \/>\n\t<meta property=\"og:image:height\" content=\"568\" \/>\n\t<meta property=\"og:image:type\" content=\"image\/webp\" \/>\n<meta name=\"twitter:card\" content=\"summary_large_image\" \/>\n<meta name=\"twitter:site\" content=\"@adriarivero_\" \/>\n<meta name=\"twitter:label1\" content=\"Tiempo de lectura\" \/>\n\t<meta name=\"twitter:data1\" content=\"1 minuto\" \/>\n<script type=\"application\/ld+json\" class=\"yoast-schema-graph\">{\"@context\":\"https:\/\/schema.org\",\"@graph\":[{\"@type\":\"WebPage\",\"@id\":\"https:\/\/formacion.adriarivero.com\/?product=curso-avanzado-de-bolsa-360o\",\"url\":\"https:\/\/formacion.adriarivero.com\/?product=curso-avanzado-de-bolsa-360o\",\"name\":\"Duplica tu patrimonio en 7 a\u00f1os con las inversiones Value - Formaci\u00f3n Adria Rivero\",\"isPartOf\":{\"@id\":\"https:\/\/formacion.adriarivero.com\/#website\"},\"primaryImageOfPage\":{\"@id\":\"https:\/\/formacion.adriarivero.com\/?product=curso-avanzado-de-bolsa-360o#primaryimage\"},\"image\":{\"@id\":\"https:\/\/formacion.adriarivero.com\/?product=curso-avanzado-de-bolsa-360o#primaryimage\"},\"thumbnailUrl\":\"https:\/\/formacion.adriarivero.com\/wp-content\/uploads\/2025\/04\/Component-3.webp\",\"datePublished\":\"2025-04-08T15:22:49+00:00\",\"dateModified\":\"2025-05-02T11:08:02+00:00\",\"breadcrumb\":{\"@id\":\"https:\/\/formacion.adriarivero.com\/?product=curso-avanzado-de-bolsa-360o#breadcrumb\"},\"inLanguage\":\"es\",\"potentialAction\":[{\"@type\":\"ReadAction\",\"target\":[\"https:\/\/formacion.adriarivero.com\/?product=curso-avanzado-de-bolsa-360o\"]}]},{\"@type\":\"ImageObject\",\"inLanguage\":\"es\",\"@id\":\"https:\/\/formacion.adriarivero.com\/?product=curso-avanzado-de-bolsa-360o#primaryimage\",\"url\":\"https:\/\/formacion.adriarivero.com\/wp-content\/uploads\/2025\/04\/Component-3.webp\",\"contentUrl\":\"https:\/\/formacion.adriarivero.com\/wp-content\/uploads\/2025\/04\/Component-3.webp\",\"width\":461,\"height\":568},{\"@type\":\"BreadcrumbList\",\"@id\":\"https:\/\/formacion.adriarivero.com\/?product=curso-avanzado-de-bolsa-360o#breadcrumb\",\"itemListElement\":[{\"@type\":\"ListItem\",\"position\":1,\"name\":\"Portada\",\"item\":\"https:\/\/formacion.adriarivero.com\/\"},{\"@type\":\"ListItem\",\"position\":2,\"name\":\"Productos\",\"item\":\"https:\/\/formacion.adriarivero.com\/?post_type=product\"},{\"@type\":\"ListItem\",\"position\":3,\"name\":\"Duplica tu patrimonio en 7 a\u00f1os con las inversiones Value\"}]},{\"@type\":\"WebSite\",\"@id\":\"https:\/\/formacion.adriarivero.com\/#website\",\"url\":\"https:\/\/formacion.adriarivero.com\/\",\"name\":\"Formaci\u00f3n Adria Rivero\",\"description\":\"\",\"publisher\":{\"@id\":\"https:\/\/formacion.adriarivero.com\/#organization\"},\"potentialAction\":[{\"@type\":\"SearchAction\",\"target\":{\"@type\":\"EntryPoint\",\"urlTemplate\":\"https:\/\/formacion.adriarivero.com\/?s={search_term_string}\"},\"query-input\":{\"@type\":\"PropertyValueSpecification\",\"valueRequired\":true,\"valueName\":\"search_term_string\"}}],\"inLanguage\":\"es\"},{\"@type\":\"Organization\",\"@id\":\"https:\/\/formacion.adriarivero.com\/#organization\",\"name\":\"Formaci\u00f3n Adria Rivero\",\"url\":\"https:\/\/formacion.adriarivero.com\/\",\"logo\":{\"@type\":\"ImageObject\",\"inLanguage\":\"es\",\"@id\":\"https:\/\/formacion.adriarivero.com\/#\/schema\/logo\/image\/\",\"url\":\"https:\/\/formacion.adriarivero.com\/wp-content\/uploads\/2025\/02\/logo-adriarivero.svg\",\"contentUrl\":\"https:\/\/formacion.adriarivero.com\/wp-content\/uploads\/2025\/02\/logo-adriarivero.svg\",\"width\":318,\"height\":43,\"caption\":\"Formaci\u00f3n Adria Rivero\"},\"image\":{\"@id\":\"https:\/\/formacion.adriarivero.com\/#\/schema\/logo\/image\/\"},\"sameAs\":[\"https:\/\/x.com\/adriarivero_\",\"https:\/\/www.youtube.com\/c\/adriariveroinversionenbolsa\"]}]}<\/script>\n<!-- \/ Yoast SEO plugin. -->","yoast_head_json":{"title":"Duplica tu patrimonio en 7 a\u00f1os con las inversiones Value - Formaci\u00f3n Adria Rivero","robots":{"index":"index","follow":"follow","max-snippet":"max-snippet:-1","max-image-preview":"max-image-preview:large","max-video-preview":"max-video-preview:-1"},"canonical":"https:\/\/formacion.adriarivero.com\/?product=curso-avanzado-de-bolsa-360o","og_locale":"es_ES","og_type":"article","og_title":"Duplica tu patrimonio en 7 a\u00f1os con las inversiones Value - Formaci\u00f3n Adria Rivero","og_description":"Puedes adquirir la formaci\u00f3n a trav\u00e9s de un pago \u00fanico o a trav\u00e9s de pagos fraccionados mensuales. Debajo tienes las 4 opciones disponibles.","og_url":"https:\/\/formacion.adriarivero.com\/?product=curso-avanzado-de-bolsa-360o","og_site_name":"Formaci\u00f3n Adria Rivero","article_modified_time":"2025-05-02T11:08:02+00:00","og_image":[{"width":461,"height":568,"url":"https:\/\/formacion.adriarivero.com\/wp-content\/uploads\/2025\/04\/Component-3.webp","type":"image\/webp"}],"twitter_card":"summary_large_image","twitter_site":"@adriarivero_","twitter_misc":{"Tiempo de lectura":"1 minuto"},"schema":{"@context":"https:\/\/schema.org","@graph":[{"@type":"WebPage","@id":"https:\/\/formacion.adriarivero.com\/?product=curso-avanzado-de-bolsa-360o","url":"https:\/\/formacion.adriarivero.com\/?product=curso-avanzado-de-bolsa-360o","name":"Duplica tu patrimonio en 7 a\u00f1os con las inversiones Value - Formaci\u00f3n Adria Rivero","isPartOf":{"@id":"https:\/\/formacion.adriarivero.com\/#website"},"primaryImageOfPage":{"@id":"https:\/\/formacion.adriarivero.com\/?product=curso-avanzado-de-bolsa-360o#primaryimage"},"image":{"@id":"https:\/\/formacion.adriarivero.com\/?product=curso-avanzado-de-bolsa-360o#primaryimage"},"thumbnailUrl":"https:\/\/formacion.adriarivero.com\/wp-content\/uploads\/2025\/04\/Component-3.webp","datePublished":"2025-04-08T15:22:49+00:00","dateModified":"2025-05-02T11:08:02+00:00","breadcrumb":{"@id":"https:\/\/formacion.adriarivero.com\/?product=curso-avanzado-de-bolsa-360o#breadcrumb"},"inLanguage":"es","potentialAction":[{"@type":"ReadAction","target":["https:\/\/formacion.adriarivero.com\/?product=curso-avanzado-de-bolsa-360o"]}]},{"@type":"ImageObject","inLanguage":"es","@id":"https:\/\/formacion.adriarivero.com\/?product=curso-avanzado-de-bolsa-360o#primaryimage","url":"https:\/\/formacion.adriarivero.com\/wp-content\/uploads\/2025\/04\/Component-3.webp","contentUrl":"https:\/\/formacion.adriarivero.com\/wp-content\/uploads\/2025\/04\/Component-3.webp","width":461,"height":568},{"@type":"BreadcrumbList","@id":"https:\/\/formacion.adriarivero.com\/?product=curso-avanzado-de-bolsa-360o#breadcrumb","itemListElement":[{"@type":"ListItem","position":1,"name":"Portada","item":"https:\/\/formacion.adriarivero.com\/"},{"@type":"ListItem","position":2,"name":"Productos","item":"https:\/\/formacion.adriarivero.com\/?post_type=product"},{"@type":"ListItem","position":3,"name":"Duplica tu patrimonio en 7 a\u00f1os con las inversiones Value"}]},{"@type":"WebSite","@id":"https:\/\/formacion.adriarivero.com\/#website","url":"https:\/\/formacion.adriarivero.com\/","name":"Formaci\u00f3n Adria Rivero","description":"","publisher":{"@id":"https:\/\/formacion.adriarivero.com\/#organization"},"potentialAction":[{"@type":"SearchAction","target":{"@type":"EntryPoint","urlTemplate":"https:\/\/formacion.adriarivero.com\/?s={search_term_string}"},"query-input":{"@type":"PropertyValueSpecification","valueRequired":true,"valueName":"search_term_string"}}],"inLanguage":"es"},{"@type":"Organization","@id":"https:\/\/formacion.adriarivero.com\/#organization","name":"Formaci\u00f3n Adria Rivero","url":"https:\/\/formacion.adriarivero.com\/","logo":{"@type":"ImageObject","inLanguage":"es","@id":"https:\/\/formacion.adriarivero.com\/#\/schema\/logo\/image\/","url":"https:\/\/formacion.adriarivero.com\/wp-content\/uploads\/2025\/02\/logo-adriarivero.svg","contentUrl":"https:\/\/formacion.adriarivero.com\/wp-content\/uploads\/2025\/02\/logo-adriarivero.svg","width":318,"height":43,"caption":"Formaci\u00f3n Adria Rivero"},"image":{"@id":"https:\/\/formacion.adriarivero.com\/#\/schema\/logo\/image\/"},"sameAs":["https:\/\/x.com\/adriarivero_","https:\/\/www.youtube.com\/c\/adriariveroinversionenbolsa"]}]}},"_links":{"self":[{"href":"https:\/\/formacion.adriarivero.com\/index.php?rest_route=\/wp\/v2\/product\/382","targetHints":{"allow":["GET"]}}],"collection":[{"href":"https:\/\/formacion.adriarivero.com\/index.php?rest_route=\/wp\/v2\/product"}],"about":[{"href":"https:\/\/formacion.adriarivero.com\/index.php?rest_route=\/wp\/v2\/types\/product"}],"wp:featuredmedia":[{"embeddable":true,"href":"https:\/\/formacion.adriarivero.com\/index.php?rest_route=\/wp\/v2\/media\/383"}],"wp:attachment":[{"href":"https:\/\/formacion.adriarivero.com\/index.php?rest_route=%2Fwp%2Fv2%2Fmedia&parent=382"}],"wp:term":[{"taxonomy":"product_brand","embeddable":true,"href":"https:\/\/formacion.adriarivero.com\/index.php?rest_route=%2Fwp%2Fv2%2Fproduct_brand&post=382"},{"taxonomy":"product_cat","embeddable":true,"href":"https:\/\/formacion.adriarivero.com\/index.php?rest_route=%2Fwp%2Fv2%2Fproduct_cat&post=382"},{"taxonomy":"product_tag","embeddable":true,"href":"https:\/\/formacion.adriarivero.com\/index.php?rest_route=%2Fwp%2Fv2%2Fproduct_tag&post=382"}],"curies":[{"name":"wp","href":"https:\/\/api.w.org\/{rel}","templated":true}]}}